 = -12*j + 7*j - o + 16. Suppose j*l - 18*l = -28. Give s(l).
9
Let v = 815 - 474. Let x(s) = -2*s - 175 + v - 155 - 4*s. What is x(4)?
-13
Let g(h) = -19*h - 36. Let t(b) = -10. Let c(r) = -g(r) - t(r). What is c(-3)?
-11
Let h(r) = r - 2. Let k = 26 + -23. Let l(v) = 3*v - 4. Let a be l(k). Suppose -5*n = 3*x - 8, -5*n + 3*x - 3 = -a. Determine h(n).
-1
Let w(t) = t**3 - 18*t**2 + 25*t + 294. Let d be w(15). Let f(o) = 6 - 3*o + 6*o + 4*o - 2*o. What is f(d)?
-24
Suppose -4*p - 928 - 942 = -5*n, -3*n = 3*p - 1122. Let t(a) = 7*a**3 - 198*a**2 - a + n*a**2 - 187*a**2 + 13 - 6*a**3 + 0*a. Calculate t(11).
2
Let j(r) be the first derivative of r**3/3 + 8*r**2 + 35*r - 4606. Determine j(-15).
20
Let j(q) = -3*q**2 + q - 1. Let f = -90 + 37. Let t = -51 - f. Suppose -s - o = -3, -t*s - o - 8 = -6*o. Determine j(s).
-3
Let g(y) be the first derivative of -y**3/6 - 9*y**2/2 - 141*y - 243. Let n(v) be the first derivative of g(v). Suppose 30 = -5*u + 2*u. Give n(u).
1
Let n be (-23*(-19)/2622)/((-2)/(-36)). Let u(w) = -21*w + 2. Determine u(n).
-61
Let j(u) = u**2 - 6*u + 6. Let g be 48/72 + (-446)/(-6). Suppose o - g = -14*o. Suppose 0 = -o*a + 69 - 44. Determine j(a).
1
Suppose t = -7*t + 2112. Let p = t + -266. Let g(v) = -6*v - 3. Determine g(p).
9
Let k be 4/98 - (-2444)/2548. Let t(i) = -54*i**2 - i + 1. Determine t(k).
-54
Let r(n) = 40*n - 21. Let o(x) = -x**2 + 9*x - 11. Let u be o(7). Let a(p) = -17*p + 11. Let z(v) = u*r(v) + 7*a(v). Give z(-11).
3
Let b(p) be the first derivative of p**4/2 - 5*p**3 + 7*p**2/2 + 3*p - 1307. What is b(7)?
3
Let d(o) be the second derivative of 16*o**2 - 26*o - 1 + 1/6*o**3 + 5/12*o**4. Let p(x) be the first derivative of d(x). Give p(2).
21
Let b(l) = 3*l**2 - 11*l - 6. Let g(u) = -7*u**2 + 23*u + 13. Let c(j) = 9*b(j) + 4*g(j). Let s = 16667 - 16673. Give c(s).
4
Let u(k) = -k - 3. Suppose m + 3*m + 4*l = -20, -2*m + 5*l = 3. Let i(h) = -2. Let n(b) = m*i(b) + 3*u(b). Calculate n(-3).
8
Suppose -22*n = -5*s - 21*n - 13, -3*s + 2*n - 12 = 0. Let r(z) = -6*z**2 - z + 1. Give r(s).
-21
Let l(w) be the second derivative of 5*w**3/6 + 3*w**2/2 - 981*w + 1. Give l(-2).
-7
Let u(c) = c**3 - 20*c**2 + 3*c - 63. Let n be 4 + 31 + -170 + 155. Give u(n).
-3
Let s(f) = 2*f**2 - 4*f + 8. Let p be (-132)/22 + 72/6. What is s(p)?
56
Let s(y) = 7*y + 382513208 - 382513213 + 3*y**2 - 2*y**2. Let c be (-2)/(-4) + (-21)/(-6). Suppose 0 = 3*k + 2*t + 27, 5*k + c*t + 10 + 37 = 0. Calculate s(k).
-5
Suppose -22*x + 4*x + 3798 = 0. Suppose 3*i + x = 208. Let l be (1 - 2)*((-2)/i - 2). Let y(c) = c**2 - 16. Give y(l).
-16
Let o(u) be the first derivative of -u**2/2 - 6*u + 1022. Let b(y) = -y**3 + 6*y**2. Let q(w) = -3*w. Let c be q(-2). Let f be b(c). Give o(f).
-6
Suppose -y - k = 7 - 6, 4*y + 5*k = 1. Let i(u) = -5*u + 19. Calculate i(y).
49
Let g(c) = -c**2 + 9*c - 21. Let n be 1710/(-456)*(-8)/6. What is g(n)?
-1
Let y(u) = -2*u**2 - 4*u + 2. Let l(z) = 2*z. Let h be (1/(-2))/((39/52)/3). Let q(s) = h*l(s) - y(s). Let g = 4 + -6. What is q(g)?
6
Suppose 83*x - 86*x = b, 2*b + 21 = x. Let z(k) = -5*k - 13. Determine z(b).
32
Suppose 7*m + 29 = 1. Let q be 1 + 7/2 + 2/m. Let k(w) = w - 4. Determine k(q).
0
Let d(a) = -a**3 + 9*a**2 - 16*a - 19. Let m(r) = -r**3 + 8*r**2 - 14*r - 15. Let f(k) = -4*d(k) + 5*m(k). What is f(4)?
-23
Let u(p) = -17*p**2 + p + 12. Let r(a) = -2*a**2 + 2. Let x(s) = -5*r(s) + u(s). What is x(2)?
-24
Let v(a) = 5*a**3 - 6*a**2 + 5*a - 12. Let n(p) = -22*p**3 + 24*p**2 - 18*p + 48. Let t(y) = -2*n(y) - 9*v(y). What is t(4)?
8
Let l(c) = -3*c**2 + 2*c + 6*c**2 + 18 + 18 - 4*c**2 - 37. What is l(8)?
-49
Let i = -71 - -75. Suppose 8*t + i*f + 8 = 12*t, 2*t - 32 = -5*f. Let c(z) = -z + 6. Give c(t).
0
Let z(w) = 19*w**2 - 12*w - 3. Let r(c) = -36*c**2 + 28*c + 7. Let i(q) = 3*r(q) + 7*z(q). Give i(-2).
100
Let i = -24 + 29. Suppose -4*o + t + 86 = -t, 5*o = i*t + 105. Let l be (0 + 1)/(o/(-7) - -3). Let q(s) = s**2 + 5*s - 9. What is q(l)?
5
Let x = 150 + -150. Suppose -5*d - 26 + 33 = -3*o, 4*d + 4 = x. Let v(q) = -q**3 - 5*q**2 - 4*q + 2. What is v(o)?
2
Let m(z) = -33 + 31*z + 6*z + 8*z - 57*z. Give m(-3).
3
Let g(u) = u**2 - 6*u + 5. Let a be g(6). Let v(c) = -5*c - 13. Let x be v(-3). Let b(y) = 3*y**2 - 35*y - x*y**2 - 35*y + 69*y - 5. Give b(a).
15
Let g(c) = -c**2 - 8*c - 8. Suppose -7*r + 3*x - 3 = -2*r, 0 = -x + 1. Suppose 2*v + 530 = 4*b - v, 5*b + v - 653 = r. Let f = 125 - b. What is g(f)?
4
Let j(v) be the first derivative of -v**4/4 - 10*v**3/3 + 5*v**2 - 18*v - 174. What is j(-11)?
-7
Let h(c) = c - 6. Let x(f) = f - 26. Let t be x(26). Suppose 4*b - q - 3 = t, 17 = -5*q + 2. Calculate h(b).
-6
Let g(k) = k**3 + 10*k**2 - 2. Let q be (-10)/20*((0 - 1) + -107). Let b = 44 - q. Calculate g(b).
-2
Let x(f) be the first derivative of 7*f**6/360 - f**5/120 + f**4/24 + 149*f**3/3 - 80. Let l(k) be the third derivative of x(k). Determine l(1).
7
Let a(h) = h**2 + 18*h + 27. Suppose 0 = -3*y - 4*j - 81, 10*j = -10*y + 6*y - 136. What is a(y)?
46
Let h(l) = -2*l. Suppose 0 = w + 2*w + 5*w. Let b be (0/2 - 1) + w + -2. What is h(b)?
6
Suppose 4 = -4*j + 4*n, -162*j + 4*n = -163*j - 11. Let w(t) = -2*t**2 + t. Determine w(j).
-21
Let y(b) = -b**3 + 23*b**2 + 22*b + 50. Suppose -5*u = -5*p - 135 - 0, -2*p = 6. Give y(u).
2
Let n(f) = 93 + 7*f**2 - 17*f + 98 - 8*f**2 - 286 + 93. Calculate n(-12).
58
Let d(h) be the second derivative of 0 - 1/2*h**3 - 8*h**2 + 29*h. Let w be d(-8). Let z(t) = -2*t + 7. Determine z(w).
-9
Let y(l) = -3*l + 4. Suppose -4*s - 12 = -4, 0 = -3*i + s + 11. Suppose 2*a + i*a = 4*h + 11, a - 2*h = 7. Let b be a/((-2)/7 - (-4)/112). What is y(b)?
-8
Let i(r) = -186 + 63 - 3745*r - 50 + 3754*r. Give i(18).
-11
Let k be 10/9*18*2/60. Let a(c) be the second derivative of -4/3*c**3 - 1/20*c**5 + k*c**4 - 19*c + 5/2*c**2 + 0. What is a(7)?
-2
Let c(m) be the first derivative of 23*m**2/2 + 187*m + 1726. What is c(-8)?
3
Suppose -34 + 10 = -12*x. Let s(a) = 76*a**x - 38*a**2 - 37*a**2 - 3*a. Calculate s(3).
0
Let n(s) be the first derivative of s**4/4 + s**3/3 + 3*s**2/2 + 2*s + 317. Let b be (-72)/(-324) - (-40)/(-18). Calculate n(b).
-8
Let w(h) be the first derivative of h**5/60 - h**4/12 - 2*h**3/3 - 19*h**2 - h + 147. Let g(a) be the second derivative of w(a). Calculate g(0).
-4
Let q(r) be the second derivative of r**3/6 + 5*r**2 - 6*r. Suppose 0 = 175*h - 4*h. Give q(h).
10
Let u(c) = c**2 + 6*c + 1. Suppose -12*y = -7*y + 620. Let k = 116 + y. Determine u(k).
17
Suppose 0*v + v - l + 13 = 0, 3*v - 2*l = -40. Let d(h) be the third derivative of h**6/120 + 13*h**5/60 - 7*h**4/12 + 3*h**3/2 - 18*h**2 + h. Calculate d(v).
9
Let m(u) = 2*u**2 + 52*u + 288. Let n be m(-18). Let x(r) = -r**3 + 2*r**2 - 2*r - 54. Calculate x(n).
-54
Suppose -6*y - k = -3*k + 48, 3*k = 18. Let p(g) = 6*g + 7. Let a(x) = 25*x + 29. Let q(r) = 2*a(r) - 9*p(r). Determine q(y).
19
Let s(q) = 6*q**2 + 21*q + 13. Let h be s(-4). Let x(r) = 8*r - 201. Determine x(h).
-1
Let x(a) = a**3 + 2*a + 3. Let m = 281 - 283. Let w be (-315)/140 - m/8. Determine x(w).
-9
Suppose -4*o + 109 - 98 = 3*h, -4*o = -4*h + 24. Let t(f) = -79*f**3 + f**2 + 2*f + 1. What is t(o)?
79
Let i(z) be the second derivative of z**7/2520 + z**6/72 - z**5/120 + 13*z**4/3 + 15*z. Let y(n) be the third derivative of i(n). Give y(-8).
-17
Let h(q) = -q**2 + 6*q + 8. Let k(w) be the third derivative of -w**5/60 - 5*w**4/8 - 2*w**3 - 18*w**2. Let a be k(-14). Suppose a*i = 7 + 7. Determine h(i).
1
Let g(h) = -h**2 + 8*h - 13. Let b(i) = -i**2 + 589*i + 7831. Let r be b(-13). Determine g(r).
2
Suppose -4*r - 18 = -10*r. Let k(l) = 0 + 0*l**2 - 26*l**3 - 2*l + 6*l**2 + 27*l**r - 9. Determine k(-6).
3
Let t = -15422 - -15367. Let b(s) = -s**3 - 55*s**2 + s + 52. What is b(t)?
-3
Let h = 143 - 141. Let z(n) = -9 + n**3 + 13*n - 5*n + h + 10*n**2. Give z(-9).
2
Let x(l) = -3*l - 5. Suppose -4*t - 103 + 183 = 0. Suppose -14 = 17*u + t. What is x(u)?
1
Let i = -9576 - -9588. Let t(u) = -u**2 + 9*u + 31. What is t(i)?
-5
Let f(v) = 10*v**2 - 115*v + 47. Let l be f(11). Let u(j) = -2*j - 2. Let h(b) = b + 4 + 2 - 3 - 2. Let k(n) = -5*h(n) - 3*u(n). Calculate k(l).
-7
Suppose -2*a + 4*a - 26 = 0. Suppose 0*t + a*t = 0. Suppose 0 = 2*g + 5*f + 12, -4